the remainder when 149 is divided by 51?
47
Calculate the remainder when 1311 is divided by 38.
19
What is the remainder when 273 is divided by 12?
9
What is the remainder when 1264 is divided by 211?
209
What is the remainder when 203 is divided by 5?
3
What is the remainder when 38 is divided by 14?
10
What is the remainder when 598 is divided by 148?
6
Calculate the remainder when 494 is divided by 72.
62
Calculate the remainder when 365 is divided by 26.
1
What is the remainder when 461 is divided by 459?
2
What is the remainder when 2125 is divided by 195?
175
What is the remainder when 539 is divided by 105?
14
What is the remainder when 58 is divided by 45?
13
What is the remainder when 1908 is divided by 477?
0
What is the remainder when 97 is divided by 9?
7
What is the remainder when 2397 is divided by 9?
3
Calculate the remainder when 316 is divided by 27.
19
What is the remainder when 1328 is divided by 89?
82
Calculate the remainder when 608 is divided by 22.
14
Calculate the remainder when 265 is divided by 240.
25
What is the remainder when 150 is divided by 8?
6
What is the remainder when 22502 is divided by 93?
89
Calculate the remainder when 25 is divided by 6.
1
What is the remainder when 145 is divided by 120?
25
What is the remainder when 297 is divided by 30?
27
What is the remainder when 11241 is divided by 3742?
15
What is the remainder when 427 is divided by 13?
11
What is the remainder when 18199 is divided by 41?
36
Calculate the remainder when 212 is divided by 43.
40
Calculate the remainder when 33 is divided by 4.
1
Calculate the remainder when 467 is divided by 67.
65
Calculate the remainder when 151 is divided by 73.
5
Calculate the remainder when 10739 is divided by 179.
178
Calculate the remainder when 1469 is divided by 86.
7
What is the remainder when 103 is divided by 40?
23
Calculate the remainder when 16904 is divided by 69.
68
Calculate the remainder when 750 is divided by 251.
248
What is the remainder when 222 is divided by 13?
1
Calculate the remainder when 348 is divided by 35.
33
Calculate the remainder when 679 is divided by 241.
197
Calculate the remainder when 107 is divided by 6.
5
What is the remainder when 1618 is divided by 4?
2
What is the remainder when 421 is divided by 141?
139
What is the remainder when 245 is divided by 84?
77
Calculate the remainder when 1121 is divided by 22.
21
Calculate the remainder when 68 is divided by 19.
11
What is the remainder when 396 is divided by 40?
36
What is the remainder when 637 is divided by 241?
155
Calculate the remainder when 1977 is divided by 13.
1
What is the remainder when 30 is divided by 11?
8
What is the remainder when 1020 is divided by 38?
32
Calculate the remainder when 1532 is divided by 72.
20
Calculate the remainder when 635 is divided by 534.
101
What is the remainder when 244 is divided by 13?
10
Calculate the remainder when 2773 is divided by 47.
0
What is the remainder when 542 is divided by 43?
26
Calculate the remainder when 102 is divided by 6.
0
Calculate the remainder when 1641 is divided by 81.
21
Calculate the remainder when 21 is divided by 15.
6
What is the remainder when 6858 is divided by 70?
68
What is the remainder when 1587 is divided by 39?
27
What is the remainder when 130 is divided by 12?
10
What is the remainder when 4247 is divided by 79?
60
Calculate the remainder when 41 is divided by 24.
17
What is the remainder when 154 is divided by 52?
50
What is the remainder when 37 is divided by 20?
17
Calculate the remainder when 1019 is divided by 1013.
6
Calculate the remainder when 1492 is divided by 58.
42
Calculate the remainder when 147 is divided by 37.
36
Calculate the remainder when 1365 is divided by 76.
73
What is the remainder when 357 is divided by 124?
109
Calculate the remainder when 24 is divided by 21.
3
What is the remainder when 415 is divided by 52?
51
Calculate the remainder when 41 is divided by 14.
13
Calculate the remainder when 128 is divided by 16.
0
What is the remainder when 129 is divided by 23?
14
What is the remainder when 276 is divided by 17?
4
What is the remainder when 13 is divided by 9?
4
Calculate the remainder when 340 is divided by 179.
161
Calculate the remainder when 904 is divided by 201.
100
What is the remainder when 266 is divided by 69?
59
What is the remainder when 208 is divided by 107?
101
Calculate the remainder when 436 is divided by 166.
104
Calculate the remainder when 234 is divided by 79.
76
What is the remainder when 203 is divided by 23?
19
Calculate the remainder when 152 is divided by 32.
24
Calculate the remainder when 1845 is divided by 26.
25
Calculate the remainder when 1041 is divided by 143.
40
Calculate the remainder when 5608 is divided by 15.
13
What is the remainder when 2252 is divided by 211?
142
What is the remainder when 1296 is divided by 10?
6
What is the remainder when 369 is divided by 54?
45
What is the remainder when 84 is divided by 11?
7
Calculate the remainder when 203 is divided by 11.
5
What is the remainder when 74 is divided by 4?
2
Calculate the remainder when 24 is divided by 5.
4
What is the remainder when 5 is divided by 1?
0
What is the remainder when 39 is divided by 8?
7
Calculate the remainder when 63 is divided by 7.
0
Calculate the remainder when 70 is divided by 37.
33
Calculate the remainder when 4281 is divided by 267.
9
What is the remainder when 398 is divided by 19?
18
What is the remainder when 128 is divided by 59?
10
What is the remainder when 295 is divided by 179?
116
Calculate the remainder when 1946 is divided by 25.
21
Calculate the remainder when 532 is divided by 140.
112
What is the remainder when 783 is divided by 28?
27
Calculate the remainder when 16462 is divided by 185.
182
Calculate the remainder when 1677 is divided by 88.
5
What is the remainder when 77 is divided by 33?
11
Calculate the remainder when 74 is divided by 21.
11
Calculate the remainder when 72 is divided by 10.
2
What is the remainder when 123 is divided by 67?
56
What is the remainder when 978 is divided by 10?
8
Calculate the remainder when 1257 is divided by 7.
4
What is the remainder when 13017 is divided by 31?
28
Calculate the remainder when 985 is divided by 18.
13
What is the remainder when 201 is divided by 39?
6
What is the remainder when 2656 is divided by 92?
80
What is the remainder when 912 is divided by 238?
198
What is the remainder when 2766 is divided by 110?
16
Calculate the remainder when 8369 is divided by 27.
26
What is the remainder when 1982 is divided by 28?
22
Calculate the remainder when 71 is divided by 8.
7
Calculate the remainder when 2071 is divided by 26.
17
What is the remainder when 1323 is divided by 166?
161
What is the remainder when 585 is divided by 4?
1
Calculate the remainder when 1274 is divided by 1248.
26
Calculate the remainder when 5848 is divided by 834.
10
What is the remainder when 3117 is divided by 174?
159
What is the remainder when 264 is divided by 38?
36
Calculate the remainder when 774 is divided by 8.
6
Calculate the remainder when 196 is divided by 52.
40
What is the remainder when 293 is divided by 15?
8
Calculate the remainder when 797 is divided by 113.
6
What is the remainder when 611 is divided by 12?
11
Calculate the remainder when 2698 is divided by 27.
25
Calculate the remainder when 1235 is divided by 34.
11
What is the remainder when 53 is divided by 37?
16
What is the remainder when 53 is divided by 20?
13
Calculate the remainder when 971 is divided by 138.
5
What is the remainder when 634 is divided by 55?
29
Calculate the remainder when 1359 is divided by 16.
15
Calculate the remainder when 115 is divided by 21.
10
Calculate the remainder when 134 is divided by 59.
16
What is the remainder when 209 is divided by 42?
41
Calculate the remainder when 1017 is divided by 7.
2
What is the remainder when 4996 is divided by 200?
196
Calculate the remainder when 218 is divided by 123.
95
Calculate the remainder when 395 is divided by 127.
14
What is the remainder when 11776 is divided by 231?
226
What is the remainder when 104 is divided by 26?
0
What is the remainder when 133 is divided by 53?
27
What is the remainder when 61 is divided by 30?
1
What is the remainder 